{"id":47,"date":"2026-04-11T11:50:09","date_gmt":"2026-04-11T11:50:09","guid":{"rendered":"https:\/\/premium-transport.fr\/?page_id=47"},"modified":"2026-04-15T22:11:00","modified_gmt":"2026-04-15T20:11:00","slug":"transport-industriel","status":"publish","type":"page","link":"https:\/\/premium-transport.fr\/index.php\/transport-industriel\/","title":{"rendered":"Industrie"},"content":{"rendered":"\t\t<div data-elementor-type=\"wp-page\" data-elementor-id=\"47\" class=\"elementor elementor-47\">\n\t\t\t\t<div class=\"elementor-element elementor-element-537c64a e-flex e-con-boxed e-con e-parent\" data-id=\"537c64a\" data-element_type=\"container\" data-e-type=\"container\">\n\t\t\t\t\t<div class=\"e-con-inner\">\n\t\t<div class=\"elementor-element elementor-element-40126be e-con-full e-flex e-con e-child\" data-id=\"40126be\" data-element_type=\"container\" data-e-type=\"container\">\n\t\t\t\t<div class=\"elementor-element elementor-element-a735a48 elementor-widget elementor-widget-text-editor\" data-id=\"a735a48\" data-element_type=\"widget\" data-e-type=\"widget\" data-widget_type=\"text-editor.default\">\n\t\t\t\t\t\t\t\t\t<p data-start=\"97\" data-end=\"399\"><span style=\"color: #000000;\">Nous accompagnons les entreprises industrielles avec des solutions de transport industriel adapt\u00e9es \u00e0 chaque \u00e9tape de leur activit\u00e9 : production, approvisionnement et distribution. Notre objectif est d\u2019optimiser vos flux logistiques tout en garantissant fiabilit\u00e9, r\u00e9activit\u00e9 et respect des d\u00e9lais.<\/span><\/p><p data-start=\"401\" data-end=\"782\"><span style=\"color: #000000;\">Gr\u00e2ce \u00e0 notre expertise en logistique industrielle, nous proposons des services de transport sur mesure pour les entreprises qui con\u00e7oivent, fabriquent et commercialisent des biens mat\u00e9riels. Que ce soit pour l\u2019acheminement de mati\u00e8res premi\u00e8res, le transfert entre sites de production ou la livraison de produits finis, nous assurons une prise en charge compl\u00e8te et s\u00e9curis\u00e9e.<\/span><\/p><p data-start=\"784\" data-end=\"1079\"><span style=\"color: #000000;\">Nos solutions de transport pour l\u2019industrie s\u2019adaptent \u00e0 vos contraintes op\u00e9rationnelles et \u00e0 vos volumes, avec une grande flexibilit\u00e9. Nous intervenons aussi bien pour des besoins ponctuels que pour des flux r\u00e9guliers, en garantissant un suivi rigoureux et une qualit\u00e9 de service constante.<\/span><\/p>\t\t\t\t\t\t\t\t<\/div>\n\t\t\t\t<div class=\"elementor-element elementor-element-dfcc5b3 elementor-widget elementor-widget-text-editor\" data-id=\"dfcc5b3\" data-element_type=\"widget\" data-e-type=\"widget\" data-widget_type=\"text-editor.default\">\n\t\t\t\t\t\t\t\t\t<p style=\"text-align: center;\"><em><span style=\"color: #00587d;\"><strong><span class=\"a_GcMg font-feature-liga-off font-feature-clig-off font-feature-calt-off text-decoration-none text-strikethrough-none\"><span dir=\"auto\" style=\"vertical-align: inherit;\"><span dir=\"auto\" style=\"vertical-align: inherit;\"><span dir=\"auto\" style=\"vertical-align: inherit;\"><span dir=\"auto\" style=\"vertical-align: inherit;\"><span dir=\"auto\" style=\"vertical-align: inherit;\"><span dir=\"auto\" style=\"vertical-align: inherit;\">Une r\u00e9ponse efficace aux contraintes du secteur industriel.<\/span><\/span><\/span><\/span><\/span><\/span><\/span><\/strong><\/span><\/em><\/p>\t\t\t\t\t\t\t\t<\/div>\n\t\t\t\t<\/div>\n\t\t<div class=\"elementor-element elementor-element-1e9b749 e-con-full e-flex e-con e-child\" data-id=\"1e9b749\" data-element_type=\"container\" data-e-type=\"container\">\n\t\t\t\t<div class=\"elementor-element elementor-element-762b79e elementor-widget elementor-widget-image\" data-id=\"762b79e\" data-element_type=\"widget\" data-e-type=\"widget\" data-widget_type=\"image.default\">\n\t\t\t\t\t\t\t\t\t\t\t\t\t\t\t<img fetchpriority=\"high\" decoding=\"async\" width=\"1536\" height=\"1024\" src=\"http:\/\/premium-transport.fr\/wp-content\/uploads\/2026\/04\/42174099-a2da-4298-a509-179aba452525.png\" class=\"attachment-full size-full wp-image-231\" alt=\"\" srcset=\"http:\/\/premium-transport.fr\/wp-content\/uploads\/2026\/04\/42174099-a2da-4298-a509-179aba452525.png 1536w, http:\/\/premium-transport.fr\/wp-content\/uploads\/2026\/04\/42174099-a2da-4298-a509-179aba452525-300x200.png 300w, http:\/\/premium-transport.fr\/wp-content\/uploads\/2026\/04\/42174099-a2da-4298-a509-179aba452525-1024x683.png 1024w, http:\/\/premium-transport.fr\/wp-content\/uploads\/2026\/04\/42174099-a2da-4298-a509-179aba452525-768x512.png 768w\" sizes=\"(max-width: 1536px) 100vw, 1536px\" \/>\t\t\t\t\t\t\t\t\t\t\t\t\t\t\t<\/div>\n\t\t\t\t<\/div>\n\t\t<div class=\"elementor-element elementor-element-90fced1 e-con-full e-flex e-con e-child\" data-id=\"90fced1\" data-element_type=\"container\" data-e-type=\"container\">\n\t\t\t\t<\/div>\n\t\t\t\t\t<\/div>\n\t\t\t\t<\/div>\n\t\t\t\t<\/div>\n\t\t","protected":false},"excerpt":{"rendered":"<p>Nous accompagnons les entreprises industrielles avec des solutions de transport industriel adapt\u00e9es \u00e0 chaque \u00e9tape de leur activit\u00e9 : production, approvisionnement et distribution. Notre objectif est d\u2019optimiser vos flux logistiques tout en garantissant fiabilit\u00e9, r\u00e9activit\u00e9 et respect des d\u00e9lais. Gr\u00e2ce \u00e0 notre expertise en logistique industrielle, nous proposons des services de transport sur mesure pour [&hellip;]<\/p>\n","protected":false},"author":1,"featured_media":0,"parent":0,"menu_order":0,"comment_status":"closed","ping_status":"closed","template":"","meta":{"ocean_post_layout":"","ocean_both_sidebars_style":"","ocean_both_sidebars_content_width":0,"ocean_both_sidebars_sidebars_width":0,"ocean_sidebar":"","ocean_second_sidebar":"","ocean_disable_margins":"enable","ocean_add_body_class":"","ocean_shortcode_before_top_bar":"","ocean_shortcode_after_top_bar":"","ocean_shortcode_before_header":"","ocean_shortcode_after_header":"","ocean_has_shortcode":"","ocean_shortcode_after_title":"","ocean_shortcode_before_footer_widgets":"","ocean_shortcode_after_footer_widgets":"","ocean_shortcode_before_footer_bottom":"","ocean_shortcode_after_footer_bottom":"","ocean_display_top_bar":"default","ocean_display_header":"default","ocean_header_style":"","ocean_center_header_left_menu":"","ocean_custom_header_template":"","ocean_custom_logo":0,"ocean_custom_retina_logo":0,"ocean_custom_logo_max_width":0,"ocean_custom_logo_tablet_max_width":0,"ocean_custom_logo_mobile_max_width":0,"ocean_custom_logo_max_height":0,"ocean_custom_logo_tablet_max_height":0,"ocean_custom_logo_mobile_max_height":0,"ocean_header_custom_menu":"","ocean_menu_typo_font_family":"","ocean_menu_typo_font_subset":"","ocean_menu_typo_font_size":0,"ocean_menu_typo_font_size_tablet":0,"ocean_menu_typo_font_size_mobile":0,"ocean_menu_typo_font_size_unit":"px","ocean_menu_typo_font_weight":"","ocean_menu_typo_font_weight_tablet":"","ocean_menu_typo_font_weight_mobile":"","ocean_menu_typo_transform":"","ocean_menu_typo_transform_tablet":"","ocean_menu_typo_transform_mobile":"","ocean_menu_typo_line_height":0,"ocean_menu_typo_line_height_tablet":0,"ocean_menu_typo_line_height_mobile":0,"ocean_menu_typo_line_height_unit":"","ocean_menu_typo_spacing":0,"ocean_menu_typo_spacing_tablet":0,"ocean_menu_typo_spacing_mobile":0,"ocean_menu_typo_spacing_unit":"","ocean_menu_link_color":"","ocean_menu_link_color_hover":"","ocean_menu_link_color_active":"","ocean_menu_link_background":"","ocean_menu_link_hover_background":"","ocean_menu_link_active_background":"","ocean_menu_social_links_bg":"","ocean_menu_social_hover_links_bg":"","ocean_menu_social_links_color":"","ocean_menu_social_hover_links_color":"","ocean_disable_title":"default","ocean_disable_heading":"default","ocean_post_title":"","ocean_post_subheading":"","ocean_post_title_style":"","ocean_post_title_background_color":"","ocean_post_title_background":0,"ocean_post_title_bg_image_position":"","ocean_post_title_bg_image_attachment":"","ocean_post_title_bg_image_repeat":"","ocean_post_title_bg_image_size":"","ocean_post_title_height":0,"ocean_post_title_bg_overlay":0.5,"ocean_post_title_bg_overlay_color":"","ocean_disable_breadcrumbs":"default","ocean_breadcrumbs_color":"","ocean_breadcrumbs_separator_color":"","ocean_breadcrumbs_links_color":"","ocean_breadcrumbs_links_hover_color":"","ocean_display_footer_widgets":"default","ocean_display_footer_bottom":"default","ocean_custom_footer_template":"","footnotes":""},"class_list":["post-47","page","type-page","status-publish","hentry","entry"],"yoast_head":"<!-- This site is optimized with the Yoast SEO plugin v27.4 - https:\/\/yoast.com\/product\/yoast-seo-wordpress\/ -->\n<title>Industrie - Premium-transport<\/title>\n<meta name=\"description\" content=\"Transport industriel fiable et r\u00e9actif : solutions logistiques sur mesure pour production, approvisionnement et distribution des entreprises.\" \/>\n<meta name=\"robots\" content=\"index, follow, max-snippet:-1, max-image-preview:large, max-video-preview:-1\" \/>\n<link rel=\"canonical\" href=\"http:\/\/premium-transport.fr\/index.php\/transport-industriel\/\" \/>\n<meta property=\"og:locale\" content=\"fr_FR\" \/>\n<meta property=\"og:type\" content=\"article\" \/>\n<meta property=\"og:title\" content=\"Industrie - Premium-transport\" \/>\n<meta property=\"og:description\" content=\"Transport industriel fiable et r\u00e9actif : solutions logistiques sur mesure pour production, approvisionnement et distribution des entreprises.\" \/>\n<meta property=\"og:url\" content=\"http:\/\/premium-transport.fr\/index.php\/transport-industriel\/\" \/>\n<meta property=\"og:site_name\" content=\"Premium-transport\" \/>\n<meta property=\"article:modified_time\" content=\"2026-04-15T20:11:00+00:00\" \/>\n<meta property=\"og:image\" content=\"http:\/\/premium-transport.fr\/wp-content\/uploads\/2026\/04\/42174099-a2da-4298-a509-179aba452525.png\" \/>\n<meta name=\"twitter:card\" content=\"summary_large_image\" \/>\n<meta name=\"twitter:label1\" content=\"Dur\u00e9e de lecture estim\u00e9e\" \/>\n\t<meta name=\"twitter:data1\" content=\"1 minute\" \/>\n<script type=\"application\/ld+json\" class=\"yoast-schema-graph\">{\"@context\":\"https:\\\/\\\/schema.org\",\"@graph\":[{\"@type\":\"WebPage\",\"@id\":\"http:\\\/\\\/premium-transport.fr\\\/index.php\\\/transport-industriel\\\/\",\"url\":\"http:\\\/\\\/premium-transport.fr\\\/index.php\\\/transport-industriel\\\/\",\"name\":\"Industrie - Premium-transport\",\"isPartOf\":{\"@id\":\"https:\\\/\\\/premium-transport.fr\\\/#website\"},\"primaryImageOfPage\":{\"@id\":\"http:\\\/\\\/premium-transport.fr\\\/index.php\\\/transport-industriel\\\/#primaryimage\"},\"image\":{\"@id\":\"http:\\\/\\\/premium-transport.fr\\\/index.php\\\/transport-industriel\\\/#primaryimage\"},\"thumbnailUrl\":\"http:\\\/\\\/premium-transport.fr\\\/wp-content\\\/uploads\\\/2026\\\/04\\\/42174099-a2da-4298-a509-179aba452525.png\",\"datePublished\":\"2026-04-11T11:50:09+00:00\",\"dateModified\":\"2026-04-15T20:11:00+00:00\",\"description\":\"Transport industriel fiable et r\u00e9actif : solutions logistiques sur mesure pour production, approvisionnement et distribution des entreprises.\",\"breadcrumb\":{\"@id\":\"http:\\\/\\\/premium-transport.fr\\\/index.php\\\/transport-industriel\\\/#breadcrumb\"},\"inLanguage\":\"fr-FR\",\"potentialAction\":[{\"@type\":\"ReadAction\",\"target\":[\"http:\\\/\\\/premium-transport.fr\\\/index.php\\\/transport-industriel\\\/\"]}]},{\"@type\":\"ImageObject\",\"inLanguage\":\"fr-FR\",\"@id\":\"http:\\\/\\\/premium-transport.fr\\\/index.php\\\/transport-industriel\\\/#primaryimage\",\"url\":\"http:\\\/\\\/premium-transport.fr\\\/wp-content\\\/uploads\\\/2026\\\/04\\\/42174099-a2da-4298-a509-179aba452525.png\",\"contentUrl\":\"http:\\\/\\\/premium-transport.fr\\\/wp-content\\\/uploads\\\/2026\\\/04\\\/42174099-a2da-4298-a509-179aba452525.png\"},{\"@type\":\"BreadcrumbList\",\"@id\":\"http:\\\/\\\/premium-transport.fr\\\/index.php\\\/transport-industriel\\\/#breadcrumb\",\"itemListElement\":[{\"@type\":\"ListItem\",\"position\":1,\"name\":\"Home\",\"item\":\"https:\\\/\\\/premium-transport.fr\\\/\"},{\"@type\":\"ListItem\",\"position\":2,\"name\":\"Industrie\"}]},{\"@type\":\"WebSite\",\"@id\":\"https:\\\/\\\/premium-transport.fr\\\/#website\",\"url\":\"https:\\\/\\\/premium-transport.fr\\\/\",\"name\":\"Premium-transport\",\"description\":\"\",\"publisher\":{\"@id\":\"https:\\\/\\\/premium-transport.fr\\\/#organization\"},\"potentialAction\":[{\"@type\":\"SearchAction\",\"target\":{\"@type\":\"EntryPoint\",\"urlTemplate\":\"https:\\\/\\\/premium-transport.fr\\\/?s={search_term_string}\"},\"query-input\":{\"@type\":\"PropertyValueSpecification\",\"valueRequired\":true,\"valueName\":\"search_term_string\"}}],\"inLanguage\":\"fr-FR\"},{\"@type\":\"Organization\",\"@id\":\"https:\\\/\\\/premium-transport.fr\\\/#organization\",\"name\":\"Premium-transport\",\"url\":\"https:\\\/\\\/premium-transport.fr\\\/\",\"logo\":{\"@type\":\"ImageObject\",\"inLanguage\":\"fr-FR\",\"@id\":\"https:\\\/\\\/premium-transport.fr\\\/#\\\/schema\\\/logo\\\/image\\\/\",\"url\":\"https:\\\/\\\/premium-transport.fr\\\/wp-content\\\/uploads\\\/2026\\\/04\\\/LOGO-AZIZ-scaled.png\",\"contentUrl\":\"https:\\\/\\\/premium-transport.fr\\\/wp-content\\\/uploads\\\/2026\\\/04\\\/LOGO-AZIZ-scaled.png\",\"width\":2560,\"height\":951,\"caption\":\"Premium-transport\"},\"image\":{\"@id\":\"https:\\\/\\\/premium-transport.fr\\\/#\\\/schema\\\/logo\\\/image\\\/\"}}]}<\/script>\n<!-- \/ Yoast SEO plugin. -->","yoast_head_json":{"title":"Industrie - Premium-transport","description":"Transport industriel fiable et r\u00e9actif : solutions logistiques sur mesure pour production, approvisionnement et distribution des entreprises.","robots":{"index":"index","follow":"follow","max-snippet":"max-snippet:-1","max-image-preview":"max-image-preview:large","max-video-preview":"max-video-preview:-1"},"canonical":"http:\/\/premium-transport.fr\/index.php\/transport-industriel\/","og_locale":"fr_FR","og_type":"article","og_title":"Industrie - Premium-transport","og_description":"Transport industriel fiable et r\u00e9actif : solutions logistiques sur mesure pour production, approvisionnement et distribution des entreprises.","og_url":"http:\/\/premium-transport.fr\/index.php\/transport-industriel\/","og_site_name":"Premium-transport","article_modified_time":"2026-04-15T20:11:00+00:00","og_image":[{"url":"http:\/\/premium-transport.fr\/wp-content\/uploads\/2026\/04\/42174099-a2da-4298-a509-179aba452525.png","type":"","width":"","height":""}],"twitter_card":"summary_large_image","twitter_misc":{"Dur\u00e9e de lecture estim\u00e9e":"1 minute"},"schema":{"@context":"https:\/\/schema.org","@graph":[{"@type":"WebPage","@id":"http:\/\/premium-transport.fr\/index.php\/transport-industriel\/","url":"http:\/\/premium-transport.fr\/index.php\/transport-industriel\/","name":"Industrie - Premium-transport","isPartOf":{"@id":"https:\/\/premium-transport.fr\/#website"},"primaryImageOfPage":{"@id":"http:\/\/premium-transport.fr\/index.php\/transport-industriel\/#primaryimage"},"image":{"@id":"http:\/\/premium-transport.fr\/index.php\/transport-industriel\/#primaryimage"},"thumbnailUrl":"http:\/\/premium-transport.fr\/wp-content\/uploads\/2026\/04\/42174099-a2da-4298-a509-179aba452525.png","datePublished":"2026-04-11T11:50:09+00:00","dateModified":"2026-04-15T20:11:00+00:00","description":"Transport industriel fiable et r\u00e9actif : solutions logistiques sur mesure pour production, approvisionnement et distribution des entreprises.","breadcrumb":{"@id":"http:\/\/premium-transport.fr\/index.php\/transport-industriel\/#breadcrumb"},"inLanguage":"fr-FR","potentialAction":[{"@type":"ReadAction","target":["http:\/\/premium-transport.fr\/index.php\/transport-industriel\/"]}]},{"@type":"ImageObject","inLanguage":"fr-FR","@id":"http:\/\/premium-transport.fr\/index.php\/transport-industriel\/#primaryimage","url":"http:\/\/premium-transport.fr\/wp-content\/uploads\/2026\/04\/42174099-a2da-4298-a509-179aba452525.png","contentUrl":"http:\/\/premium-transport.fr\/wp-content\/uploads\/2026\/04\/42174099-a2da-4298-a509-179aba452525.png"},{"@type":"BreadcrumbList","@id":"http:\/\/premium-transport.fr\/index.php\/transport-industriel\/#breadcrumb","itemListElement":[{"@type":"ListItem","position":1,"name":"Home","item":"https:\/\/premium-transport.fr\/"},{"@type":"ListItem","position":2,"name":"Industrie"}]},{"@type":"WebSite","@id":"https:\/\/premium-transport.fr\/#website","url":"https:\/\/premium-transport.fr\/","name":"Premium-transport","description":"","publisher":{"@id":"https:\/\/premium-transport.fr\/#organization"},"potentialAction":[{"@type":"SearchAction","target":{"@type":"EntryPoint","urlTemplate":"https:\/\/premium-transport.fr\/?s={search_term_string}"},"query-input":{"@type":"PropertyValueSpecification","valueRequired":true,"valueName":"search_term_string"}}],"inLanguage":"fr-FR"},{"@type":"Organization","@id":"https:\/\/premium-transport.fr\/#organization","name":"Premium-transport","url":"https:\/\/premium-transport.fr\/","logo":{"@type":"ImageObject","inLanguage":"fr-FR","@id":"https:\/\/premium-transport.fr\/#\/schema\/logo\/image\/","url":"https:\/\/premium-transport.fr\/wp-content\/uploads\/2026\/04\/LOGO-AZIZ-scaled.png","contentUrl":"https:\/\/premium-transport.fr\/wp-content\/uploads\/2026\/04\/LOGO-AZIZ-scaled.png","width":2560,"height":951,"caption":"Premium-transport"},"image":{"@id":"https:\/\/premium-transport.fr\/#\/schema\/logo\/image\/"}}]}},"_links":{"self":[{"href":"https:\/\/premium-transport.fr\/index.php\/wp-json\/wp\/v2\/pages\/47","targetHints":{"allow":["GET"]}}],"collection":[{"href":"https:\/\/premium-transport.fr\/index.php\/wp-json\/wp\/v2\/pages"}],"about":[{"href":"https:\/\/premium-transport.fr\/index.php\/wp-json\/wp\/v2\/types\/page"}],"author":[{"embeddable":true,"href":"https:\/\/premium-transport.fr\/index.php\/wp-json\/wp\/v2\/users\/1"}],"replies":[{"embeddable":true,"href":"https:\/\/premium-transport.fr\/index.php\/wp-json\/wp\/v2\/comments?post=47"}],"version-history":[{"count":22,"href":"https:\/\/premium-transport.fr\/index.php\/wp-json\/wp\/v2\/pages\/47\/revisions"}],"predecessor-version":[{"id":388,"href":"https:\/\/premium-transport.fr\/index.php\/wp-json\/wp\/v2\/pages\/47\/revisions\/388"}],"wp:attachment":[{"href":"https:\/\/premium-transport.fr\/index.php\/wp-json\/wp\/v2\/media?parent=47"}],"curies":[{"name":"wp","href":"https:\/\/api.w.org\/{rel}","templated":true}]}}