{"id":43,"date":"2026-04-11T11:47:15","date_gmt":"2026-04-11T11:47:15","guid":{"rendered":"https:\/\/premium-transport.fr\/?page_id=43"},"modified":"2026-04-15T09:49:51","modified_gmt":"2026-04-15T09:49:51","slug":"e-commerce","status":"publish","type":"page","link":"https:\/\/premium-transport.fr\/index.php\/e-commerce\/","title":{"rendered":"E-Commerce"},"content":{"rendered":"\t\t<div data-elementor-type=\"wp-page\" data-elementor-id=\"43\" class=\"elementor elementor-43\">\n\t\t\t\t<div class=\"elementor-element elementor-element-23b6bb9 e-flex e-con-boxed e-con e-parent\" data-id=\"23b6bb9\" data-element_type=\"container\" data-e-type=\"container\" data-settings=\"{&quot;shape_divider_top&quot;:&quot;mountains&quot;}\">\n\t\t\t\t\t<div class=\"e-con-inner\">\n\t\t\t\t<div class=\"elementor-shape elementor-shape-top\" aria-hidden=\"true\" data-negative=\"false\">\n\t\t\t<svg xmlns=\"http:\/\/www.w3.org\/2000\/svg\" viewBox=\"0 0 1000 100\" preserveAspectRatio=\"none\">\n\t<path class=\"elementor-shape-fill\" opacity=\"0.33\" d=\"M473,67.3c-203.9,88.3-263.1-34-320.3,0C66,119.1,0,59.7,0,59.7V0h1000v59.7 c0,0-62.1,26.1-94.9,29.3c-32.8,3.3-62.8-12.3-75.8-22.1C806,49.6,745.3,8.7,694.9,4.7S492.4,59,473,67.3z\"\/>\n\t<path class=\"elementor-shape-fill\" opacity=\"0.66\" d=\"M734,67.3c-45.5,0-77.2-23.2-129.1-39.1c-28.6-8.7-150.3-10.1-254,39.1 s-91.7-34.4-149.2,0C115.7,118.3,0,39.8,0,39.8V0h1000v36.5c0,0-28.2-18.5-92.1-18.5C810.2,18.1,775.7,67.3,734,67.3z\"\/>\n\t<path class=\"elementor-shape-fill\" d=\"M766.1,28.9c-200-57.5-266,65.5-395.1,19.5C242,1.8,242,5.4,184.8,20.6C128,35.8,132.3,44.9,89.9,52.5C28.6,63.7,0,0,0,0 h1000c0,0-9.9,40.9-83.6,48.1S829.6,47,766.1,28.9z\"\/>\n<\/svg>\t\t<\/div>\n\t\t<div class=\"elementor-element elementor-element-a1b7073 e-con-full e-flex e-con e-child\" data-id=\"a1b7073\" data-element_type=\"container\" data-e-type=\"container\">\n\t\t\t\t<div class=\"elementor-element elementor-element-3a8a3eb elementor-widget elementor-widget-text-editor\" data-id=\"3a8a3eb\" data-element_type=\"widget\" data-e-type=\"widget\" data-widget_type=\"text-editor.default\">\n\t\t\t\t\t\t\t\t\t<p><span dir=\"auto\" style=\"vertical-align: inherit;\"><span dir=\"auto\" style=\"vertical-align: inherit;\"><span dir=\"auto\" style=\"vertical-align: inherit;\"><span dir=\"auto\" style=\"vertical-align: inherit;\"><span dir=\"auto\" style=\"vertical-align: inherit;\"><span dir=\"auto\" style=\"vertical-align: inherit;\"><span dir=\"auto\" style=\"vertical-align: inherit;\"><span dir=\"auto\" style=\"vertical-align: inherit;\"><span dir=\"auto\" style=\"vertical-align: inherit;\"><span dir=\"auto\" style=\"vertical-align: inherit;\"><span dir=\"auto\" style=\"vertical-align: inherit;\"><span dir=\"auto\" style=\"vertical-align: inherit;\"><span dir=\"auto\" style=\"vertical-align: inherit;\"><span dir=\"auto\" style=\"vertical-align: inherit;\">Nous prenons en charge les livraisons pour les acteurs du E-commerce avec des solutions flexibles et adapt\u00e9es \u00e0 vos besoins.<\/span><\/span><\/span><\/span><\/span><\/span><\/span><\/span><\/span><\/span><\/span><\/span><\/span><\/span><\/p><p><span dir=\"auto\" style=\"vertical-align: inherit; color: #00587d;\"><span dir=\"auto\" style=\"vertical-align: inherit;\"><b><span dir=\"auto\" style=\"vertical-align: inherit;\"><span dir=\"auto\" style=\"vertical-align: inherit;\"><span dir=\"auto\" style=\"vertical-align: inherit;\"><span dir=\"auto\" style=\"vertical-align: inherit;\"><span dir=\"auto\" style=\"vertical-align: inherit;\"><span dir=\"auto\" style=\"vertical-align: inherit;\"><span dir=\"auto\" style=\"vertical-align: inherit;\"><span dir=\"auto\" style=\"vertical-align: inherit;\">Diff\u00e9rents d\u00e9lais sont possibles :<\/span><\/span><\/span><\/span><\/span><\/span><\/span><\/span><\/b><\/span><\/span><br \/><span dir=\"auto\" style=\"vertical-align: inherit;\"><span dir=\"auto\" style=\"vertical-align: inherit;\"><span dir=\"auto\" style=\"vertical-align: inherit;\"><span dir=\"auto\" style=\"vertical-align: inherit;\"><span dir=\"auto\" style=\"vertical-align: inherit;\"><span dir=\"auto\" style=\"vertical-align: inherit;\"><span dir=\"auto\" style=\"vertical-align: inherit;\"><span dir=\"auto\" style=\"vertical-align: inherit;\"><span dir=\"auto\" style=\"vertical-align: inherit;\"><span dir=\"auto\" style=\"vertical-align: inherit;\"> livraison le jour m\u00eame, le lendemain ou sur rendez-vous.<\/span><\/span><\/span><\/span><\/span><\/span><\/span><\/span><\/span><\/span><\/p><p><span style=\"color: #00587d;\"><strong><span dir=\"auto\" style=\"vertical-align: inherit;\"><span dir=\"auto\" style=\"vertical-align: inherit;\"><span dir=\"auto\" style=\"vertical-align: inherit;\"><span dir=\"auto\" style=\"vertical-align: inherit;\"><span dir=\"auto\" style=\"vertical-align: inherit;\"><span dir=\"auto\" style=\"vertical-align: inherit;\"><span dir=\"auto\" style=\"vertical-align: inherit;\"><span dir=\"auto\" style=\"vertical-align: inherit;\"><span dir=\"auto\" style=\"vertical-align: inherit;\"><span dir=\"auto\" style=\"vertical-align: inherit;\">Nous nous adaptons \u00e9galement \u00e0 vos modes de distribution<\/span><\/span><\/span><\/span><\/span><\/span><\/span><\/span><\/span><\/span><\/strong><\/span><span dir=\"auto\" style=\"vertical-align: inherit;\"><span dir=\"auto\" style=\"vertical-align: inherit;\"><span dir=\"auto\" style=\"vertical-align: inherit;\"><span dir=\"auto\" style=\"vertical-align: inherit;\"><span dir=\"auto\" style=\"vertical-align: inherit;\"><span dir=\"auto\" style=\"vertical-align: inherit;\"><span dir=\"auto\" style=\"vertical-align: inherit;\"><span dir=\"auto\" style=\"vertical-align: inherit;\"><span style=\"color: #00587d;\"><span dir=\"auto\" style=\"vertical-align: inherit;\"><span dir=\"auto\" style=\"vertical-align: inherit;\"> :<\/span><\/span><\/span><span dir=\"auto\" style=\"vertical-align: inherit;\"><span dir=\"auto\" style=\"vertical-align: inherit;\"> livraison \u00e0 domicile, point relais, bo\u00eete aux lettres ou click &amp; collect<\/span><\/span><\/span><\/span><\/span><\/span><\/span><\/span><\/span><\/span><\/p>\t\t\t\t\t\t\t\t<\/div>\n\t\t\t\t<\/div>\n\t\t<div class=\"elementor-element elementor-element-8211db7 e-con-full e-flex e-con e-child\" data-id=\"8211db7\" data-element_type=\"container\" data-e-type=\"container\">\n\t\t\t\t\t\t\t\n\t\t<img class=\"e-image-base \" \n\t\t\t\t\tdata-interaction-id=\"2bf3a83\" \n\t\t \n\t\t \n\t\t\t\t\t\t\t\t\tid=\"191\"\n\t\t\t\t\t\t\t\t\t\t\t\tsrc=\"https:\/\/premium-transport.fr\/wp-content\/uploads\/2026\/04\/Capture-decran-2026-04-14-143723.png\"\n\t\t\t\t\t\t\t\t\t\t\t\twidth=\"349\"\n\t\t\t\t\t\t\t\t\t\t\t\theight=\"235\"\n\t\t\t\t\t\t\t\t\t\t\t\tsrcset=\"https:\/\/premium-transport.fr\/wp-content\/uploads\/2026\/04\/Capture-decran-2026-04-14-143723.png 349w, https:\/\/premium-transport.fr\/wp-content\/uploads\/2026\/04\/Capture-decran-2026-04-14-143723-300x202.png 300w\"\n\t\t\t\t\t\t\t\t\t\t\t\talt=\"\"\n\t\t\t\t\t\t\/>\n\t\t\t\t\t<\/div>\n\t\t<div class=\"elementor-element elementor-element-a6ca046 e-con-full e-flex e-con e-child\" data-id=\"a6ca046\" data-element_type=\"container\" data-e-type=\"container\">\n\t\t\t\t<div class=\"elementor-element elementor-element-208077b elementor-widget elementor-widget-text-editor\" data-id=\"208077b\" data-element_type=\"widget\" data-e-type=\"widget\" data-widget_type=\"text-editor.default\">\n\t\t\t\t\t\t\t\t\t<p style=\"text-align: center;\"><em><span style=\"color: #00587d;\"><strong data-pm-slice=\"0 0 []\">Une logistique pens\u00e9e pour optimiser l\u2019exp\u00e9rience client.<\/strong><\/span><\/em><\/p>\t\t\t\t\t\t\t\t<\/div>\n\t\t\t\t<\/div>\n\t\t\t\t\t<\/div>\n\t\t\t\t<\/div>\n\t\t\t\t<\/div>\n\t\t","protected":false},"excerpt":{"rendered":"<p>Nous prenons en charge les livraisons pour les acteurs du E-commerce avec des solutions flexibles et adapt\u00e9es \u00e0 vos besoins. Diff\u00e9rents d\u00e9lais sont possibles : livraison le jour m\u00eame, le lendemain ou sur rendez-vous. Nous nous adaptons \u00e9galement \u00e0 vos modes de distribution : livraison \u00e0 domicile, point relais, bo\u00eete aux lettres ou click &amp; [&hellip;]<\/p>\n","protected":false},"author":1,"featured_media":0,"parent":0,"menu_order":0,"comment_status":"closed","ping_status":"closed","template":"","meta":{"ocean_post_layout":"","ocean_both_sidebars_style":"","ocean_both_sidebars_content_width":0,"ocean_both_sidebars_sidebars_width":0,"ocean_sidebar":"","ocean_second_sidebar":"","ocean_disable_margins":"enable","ocean_add_body_class":"","ocean_shortcode_before_top_bar":"","ocean_shortcode_after_top_bar":"","ocean_shortcode_before_header":"","ocean_shortcode_after_header":"","ocean_has_shortcode":"","ocean_shortcode_after_title":"","ocean_shortcode_before_footer_widgets":"","ocean_shortcode_after_footer_widgets":"","ocean_shortcode_before_footer_bottom":"","ocean_shortcode_after_footer_bottom":"","ocean_display_top_bar":"default","ocean_display_header":"default","ocean_header_style":"","ocean_center_header_left_menu":"","ocean_custom_header_template":"","ocean_custom_logo":0,"ocean_custom_retina_logo":0,"ocean_custom_logo_max_width":0,"ocean_custom_logo_tablet_max_width":0,"ocean_custom_logo_mobile_max_width":0,"ocean_custom_logo_max_height":0,"ocean_custom_logo_tablet_max_height":0,"ocean_custom_logo_mobile_max_height":0,"ocean_header_custom_menu":"","ocean_menu_typo_font_family":"","ocean_menu_typo_font_subset":"","ocean_menu_typo_font_size":0,"ocean_menu_typo_font_size_tablet":0,"ocean_menu_typo_font_size_mobile":0,"ocean_menu_typo_font_size_unit":"px","ocean_menu_typo_font_weight":"","ocean_menu_typo_font_weight_tablet":"","ocean_menu_typo_font_weight_mobile":"","ocean_menu_typo_transform":"","ocean_menu_typo_transform_tablet":"","ocean_menu_typo_transform_mobile":"","ocean_menu_typo_line_height":0,"ocean_menu_typo_line_height_tablet":0,"ocean_menu_typo_line_height_mobile":0,"ocean_menu_typo_line_height_unit":"","ocean_menu_typo_spacing":0,"ocean_menu_typo_spacing_tablet":0,"ocean_menu_typo_spacing_mobile":0,"ocean_menu_typo_spacing_unit":"","ocean_menu_link_color":"","ocean_menu_link_color_hover":"","ocean_menu_link_color_active":"","ocean_menu_link_background":"","ocean_menu_link_hover_background":"","ocean_menu_link_active_background":"","ocean_menu_social_links_bg":"","ocean_menu_social_hover_links_bg":"","ocean_menu_social_links_color":"","ocean_menu_social_hover_links_color":"","ocean_disable_title":"default","ocean_disable_heading":"default","ocean_post_title":"","ocean_post_subheading":"","ocean_post_title_style":"","ocean_post_title_background_color":"","ocean_post_title_background":0,"ocean_post_title_bg_image_position":"","ocean_post_title_bg_image_attachment":"","ocean_post_title_bg_image_repeat":"","ocean_post_title_bg_image_size":"","ocean_post_title_height":0,"ocean_post_title_bg_overlay":0.5,"ocean_post_title_bg_overlay_color":"","ocean_disable_breadcrumbs":"default","ocean_breadcrumbs_color":"","ocean_breadcrumbs_separator_color":"","ocean_breadcrumbs_links_color":"","ocean_breadcrumbs_links_hover_color":"","ocean_display_footer_widgets":"default","ocean_display_footer_bottom":"default","ocean_custom_footer_template":"","footnotes":""},"class_list":["post-43","page","type-page","status-publish","hentry","entry"],"yoast_head":"<!-- This site is optimized with the Yoast SEO plugin v27.4 - https:\/\/yoast.com\/product\/yoast-seo-wordpress\/ -->\n<title>E-Commerce - Premium-transport<\/title>\n<meta name=\"description\" content=\"Nous prenons en charge les livraisons pour les acteurs du e-commerce avec des solutions flexibles et adapt\u00e9es \u00e0 vos besoins.\" \/>\n<meta name=\"robots\" content=\"index, follow, max-snippet:-1, max-image-preview:large, max-video-preview:-1\" \/>\n<link rel=\"canonical\" href=\"https:\/\/premium-transport.fr\/index.php\/e-commerce\/\" \/>\n<meta property=\"og:locale\" content=\"fr_FR\" \/>\n<meta property=\"og:type\" content=\"article\" \/>\n<meta property=\"og:title\" content=\"E-Commerce - Premium-transport\" \/>\n<meta property=\"og:description\" content=\"Nous prenons en charge les livraisons pour les acteurs du e-commerce avec des solutions flexibles et adapt\u00e9es \u00e0 vos besoins.\" \/>\n<meta property=\"og:url\" content=\"https:\/\/premium-transport.fr\/index.php\/e-commerce\/\" \/>\n<meta property=\"og:site_name\" content=\"Premium-transport\" \/>\n<meta property=\"article:modified_time\" content=\"2026-04-15T09:49:51+00:00\" \/>\n<meta property=\"og:image\" content=\"http:\/\/premium-transport.fr\/wp-content\/uploads\/2026\/04\/Capture-decran-2026-04-14-143723.png\" \/>\n<meta name=\"twitter:card\" content=\"summary_large_image\" \/>\n<meta name=\"twitter:label1\" content=\"Dur\u00e9e de lecture estim\u00e9e\" \/>\n\t<meta name=\"twitter:data1\" content=\"1 minute\" \/>\n<script type=\"application\/ld+json\" class=\"yoast-schema-graph\">{\"@context\":\"https:\\\/\\\/schema.org\",\"@graph\":[{\"@type\":\"WebPage\",\"@id\":\"https:\\\/\\\/premium-transport.fr\\\/index.php\\\/e-commerce\\\/\",\"url\":\"https:\\\/\\\/premium-transport.fr\\\/index.php\\\/e-commerce\\\/\",\"name\":\"E-Commerce - Premium-transport\",\"isPartOf\":{\"@id\":\"https:\\\/\\\/premium-transport.fr\\\/#website\"},\"primaryImageOfPage\":{\"@id\":\"https:\\\/\\\/premium-transport.fr\\\/index.php\\\/e-commerce\\\/#primaryimage\"},\"image\":{\"@id\":\"https:\\\/\\\/premium-transport.fr\\\/index.php\\\/e-commerce\\\/#primaryimage\"},\"thumbnailUrl\":\"http:\\\/\\\/premium-transport.fr\\\/wp-content\\\/uploads\\\/2026\\\/04\\\/Capture-decran-2026-04-14-143723.png\",\"datePublished\":\"2026-04-11T11:47:15+00:00\",\"dateModified\":\"2026-04-15T09:49:51+00:00\",\"description\":\"Nous prenons en charge les livraisons pour les acteurs du e-commerce avec des solutions flexibles et adapt\u00e9es \u00e0 vos besoins.\",\"breadcrumb\":{\"@id\":\"https:\\\/\\\/premium-transport.fr\\\/index.php\\\/e-commerce\\\/#breadcrumb\"},\"inLanguage\":\"fr-FR\",\"potentialAction\":[{\"@type\":\"ReadAction\",\"target\":[\"https:\\\/\\\/premium-transport.fr\\\/index.php\\\/e-commerce\\\/\"]}]},{\"@type\":\"ImageObject\",\"inLanguage\":\"fr-FR\",\"@id\":\"https:\\\/\\\/premium-transport.fr\\\/index.php\\\/e-commerce\\\/#primaryimage\",\"url\":\"http:\\\/\\\/premium-transport.fr\\\/wp-content\\\/uploads\\\/2026\\\/04\\\/Capture-decran-2026-04-14-143723.png\",\"contentUrl\":\"http:\\\/\\\/premium-transport.fr\\\/wp-content\\\/uploads\\\/2026\\\/04\\\/Capture-decran-2026-04-14-143723.png\"},{\"@type\":\"BreadcrumbList\",\"@id\":\"https:\\\/\\\/premium-transport.fr\\\/index.php\\\/e-commerce\\\/#breadcrumb\",\"itemListElement\":[{\"@type\":\"ListItem\",\"position\":1,\"name\":\"Home\",\"item\":\"https:\\\/\\\/premium-transport.fr\\\/\"},{\"@type\":\"ListItem\",\"position\":2,\"name\":\"E-Commerce\"}]},{\"@type\":\"WebSite\",\"@id\":\"https:\\\/\\\/premium-transport.fr\\\/#website\",\"url\":\"https:\\\/\\\/premium-transport.fr\\\/\",\"name\":\"Premium-transport\",\"description\":\"\",\"publisher\":{\"@id\":\"https:\\\/\\\/premium-transport.fr\\\/#organization\"},\"potentialAction\":[{\"@type\":\"SearchAction\",\"target\":{\"@type\":\"EntryPoint\",\"urlTemplate\":\"https:\\\/\\\/premium-transport.fr\\\/?s={search_term_string}\"},\"query-input\":{\"@type\":\"PropertyValueSpecification\",\"valueRequired\":true,\"valueName\":\"search_term_string\"}}],\"inLanguage\":\"fr-FR\"},{\"@type\":\"Organization\",\"@id\":\"https:\\\/\\\/premium-transport.fr\\\/#organization\",\"name\":\"Premium-transport\",\"url\":\"https:\\\/\\\/premium-transport.fr\\\/\",\"logo\":{\"@type\":\"ImageObject\",\"inLanguage\":\"fr-FR\",\"@id\":\"https:\\\/\\\/premium-transport.fr\\\/#\\\/schema\\\/logo\\\/image\\\/\",\"url\":\"https:\\\/\\\/premium-transport.fr\\\/wp-content\\\/uploads\\\/2026\\\/04\\\/LOGO-AZIZ-scaled.png\",\"contentUrl\":\"https:\\\/\\\/premium-transport.fr\\\/wp-content\\\/uploads\\\/2026\\\/04\\\/LOGO-AZIZ-scaled.png\",\"width\":2560,\"height\":951,\"caption\":\"Premium-transport\"},\"image\":{\"@id\":\"https:\\\/\\\/premium-transport.fr\\\/#\\\/schema\\\/logo\\\/image\\\/\"}}]}<\/script>\n<!-- \/ Yoast SEO plugin. -->","yoast_head_json":{"title":"E-Commerce - Premium-transport","description":"Nous prenons en charge les livraisons pour les acteurs du e-commerce avec des solutions flexibles et adapt\u00e9es \u00e0 vos besoins.","robots":{"index":"index","follow":"follow","max-snippet":"max-snippet:-1","max-image-preview":"max-image-preview:large","max-video-preview":"max-video-preview:-1"},"canonical":"https:\/\/premium-transport.fr\/index.php\/e-commerce\/","og_locale":"fr_FR","og_type":"article","og_title":"E-Commerce - Premium-transport","og_description":"Nous prenons en charge les livraisons pour les acteurs du e-commerce avec des solutions flexibles et adapt\u00e9es \u00e0 vos besoins.","og_url":"https:\/\/premium-transport.fr\/index.php\/e-commerce\/","og_site_name":"Premium-transport","article_modified_time":"2026-04-15T09:49:51+00:00","og_image":[{"url":"http:\/\/premium-transport.fr\/wp-content\/uploads\/2026\/04\/Capture-decran-2026-04-14-143723.png","type":"","width":"","height":""}],"twitter_card":"summary_large_image","twitter_misc":{"Dur\u00e9e de lecture estim\u00e9e":"1 minute"},"schema":{"@context":"https:\/\/schema.org","@graph":[{"@type":"WebPage","@id":"https:\/\/premium-transport.fr\/index.php\/e-commerce\/","url":"https:\/\/premium-transport.fr\/index.php\/e-commerce\/","name":"E-Commerce - Premium-transport","isPartOf":{"@id":"https:\/\/premium-transport.fr\/#website"},"primaryImageOfPage":{"@id":"https:\/\/premium-transport.fr\/index.php\/e-commerce\/#primaryimage"},"image":{"@id":"https:\/\/premium-transport.fr\/index.php\/e-commerce\/#primaryimage"},"thumbnailUrl":"http:\/\/premium-transport.fr\/wp-content\/uploads\/2026\/04\/Capture-decran-2026-04-14-143723.png","datePublished":"2026-04-11T11:47:15+00:00","dateModified":"2026-04-15T09:49:51+00:00","description":"Nous prenons en charge les livraisons pour les acteurs du e-commerce avec des solutions flexibles et adapt\u00e9es \u00e0 vos besoins.","breadcrumb":{"@id":"https:\/\/premium-transport.fr\/index.php\/e-commerce\/#breadcrumb"},"inLanguage":"fr-FR","potentialAction":[{"@type":"ReadAction","target":["https:\/\/premium-transport.fr\/index.php\/e-commerce\/"]}]},{"@type":"ImageObject","inLanguage":"fr-FR","@id":"https:\/\/premium-transport.fr\/index.php\/e-commerce\/#primaryimage","url":"http:\/\/premium-transport.fr\/wp-content\/uploads\/2026\/04\/Capture-decran-2026-04-14-143723.png","contentUrl":"http:\/\/premium-transport.fr\/wp-content\/uploads\/2026\/04\/Capture-decran-2026-04-14-143723.png"},{"@type":"BreadcrumbList","@id":"https:\/\/premium-transport.fr\/index.php\/e-commerce\/#breadcrumb","itemListElement":[{"@type":"ListItem","position":1,"name":"Home","item":"https:\/\/premium-transport.fr\/"},{"@type":"ListItem","position":2,"name":"E-Commerce"}]},{"@type":"WebSite","@id":"https:\/\/premium-transport.fr\/#website","url":"https:\/\/premium-transport.fr\/","name":"Premium-transport","description":"","publisher":{"@id":"https:\/\/premium-transport.fr\/#organization"},"potentialAction":[{"@type":"SearchAction","target":{"@type":"EntryPoint","urlTemplate":"https:\/\/premium-transport.fr\/?s={search_term_string}"},"query-input":{"@type":"PropertyValueSpecification","valueRequired":true,"valueName":"search_term_string"}}],"inLanguage":"fr-FR"},{"@type":"Organization","@id":"https:\/\/premium-transport.fr\/#organization","name":"Premium-transport","url":"https:\/\/premium-transport.fr\/","logo":{"@type":"ImageObject","inLanguage":"fr-FR","@id":"https:\/\/premium-transport.fr\/#\/schema\/logo\/image\/","url":"https:\/\/premium-transport.fr\/wp-content\/uploads\/2026\/04\/LOGO-AZIZ-scaled.png","contentUrl":"https:\/\/premium-transport.fr\/wp-content\/uploads\/2026\/04\/LOGO-AZIZ-scaled.png","width":2560,"height":951,"caption":"Premium-transport"},"image":{"@id":"https:\/\/premium-transport.fr\/#\/schema\/logo\/image\/"}}]}},"_links":{"self":[{"href":"https:\/\/premium-transport.fr\/index.php\/wp-json\/wp\/v2\/pages\/43","targetHints":{"allow":["GET"]}}],"collection":[{"href":"https:\/\/premium-transport.fr\/index.php\/wp-json\/wp\/v2\/pages"}],"about":[{"href":"https:\/\/premium-transport.fr\/index.php\/wp-json\/wp\/v2\/types\/page"}],"author":[{"embeddable":true,"href":"https:\/\/premium-transport.fr\/index.php\/wp-json\/wp\/v2\/users\/1"}],"replies":[{"embeddable":true,"href":"https:\/\/premium-transport.fr\/index.php\/wp-json\/wp\/v2\/comments?post=43"}],"version-history":[{"count":28,"href":"https:\/\/premium-transport.fr\/index.php\/wp-json\/wp\/v2\/pages\/43\/revisions"}],"predecessor-version":[{"id":335,"href":"https:\/\/premium-transport.fr\/index.php\/wp-json\/wp\/v2\/pages\/43\/revisions\/335"}],"wp:attachment":[{"href":"https:\/\/premium-transport.fr\/index.php\/wp-json\/wp\/v2\/media?parent=43"}],"curies":[{"name":"wp","href":"https:\/\/api.w.org\/{rel}","templated":true}]}}